 y(g) = x*i(g) - 3*v(g). Give y(-2).
-6
Let j(o) = o**2 - 8*o + 1. Let q(a) = -a + 11. Let n be q(5). Give j(n).
-11
Let p(d) be the third derivative of -d**8/6720 - d**7/5040 + d**5/60 - 3*d**2. Let b(k) be the third derivative of p(k). What is b(-1)?
-2
Let r(a) = 3 - 4 + 6*a + 0. Let g be r(1). Let x(q) = -q - 2*q + q. Calculate x(g).
-10
Let g(w) = w. Let c be g(-3). Let v(l) = -l**3 - l**2 + 2*l - 3. Calculate v(c).
9
Let z(j) be the second derivative of j**4/12 + j**3/2 - 2*j**2 + 3*j. Let b(g) = -g**3 - 16*g**2 - 15*g - 5. Let n be b(-15). Determine z(n).
6
Suppose 5*j - 20 = 0, 3*g + 9 + 5 = -4*j. Let p = 7 + g. Let w(n) = -2*n - 1. What is w(p)?
5
Let h(f) be the second derivative of 5/2*f**2 - 1/6*f**3 + 0 + 2*f. Let y be h(8). Let w(o) = o**2 + 4*o + 1. Calculate w(y).
-2
Let w(z) = z - 4. Let f be w(9). Let j(u) = 0*u**2 - u - f*u**2 + 0*u + 0*u. What is j(-1)?
-4
Let u(s) = -s**2 - 7*s + 0*s + 7*s + 4. Let p be (-4 - -2)*1/2. Let j(v) = 3*v**2. Let i be j(p). Determine u(i).
-5
Let t(u) = u + 1. Let b be t(8). Suppose b - 3 = 3*h. Let a(o) = -6*o + 0*o**h - 3*o**2 + 3 + 4*o**2. Give a(5).
-2
Let w(d) = -d**2 + 2*d + 2. Let m = 10 - 6. Suppose -v = 4*v + m*p - 3, -v = 4*p + 9. What is w(v)?
-1
Let j be (-1 + 3)*10/4. Suppose 2*t + 3*t - j = 0. Let m(z) = 3*z - 1. Calculate m(t).
2
Let x(r) be the third derivative of -r**5/20 - r**4/24 + r**3/3 - r**2. Let g = 2 - 10. Let c = g + 6. Give x(c).
-8
Let m(k) = -k**3 - 7*k**2 - 6*k + 1. Suppose 0 = r + 9 - 3. Calculate m(r).
1
Let q(k) = -k - 7. Let z(c) = -c**3 + 8*c**2 - 6*c - 3. Let p be z(7). Suppose -4*y - o = -15, -p*y - 5*o + 28 = 1. Let g be 0/(2 + -7 + y). Determine q(g).
-7
Let o(d) = -2*d + 1 + 5 + 0*d + d. Calculate o(7).
-1
Let g(c) = c**3 - 6*c**2 - 2*c + 6. Let o be 13/2 - 1/2. Calculate g(o).
-6
Let l(i) = -i**3 + 3*i**2 - i - 1. Let q = -1 - -5. Suppose q*k = 2*k + 6. Calculate l(k).
-4
Let m(b) = -5*b**2 - b. Let i = -62 - -61. Determine m(i).
-4
Let p(d) = -d. Let k(m) = m + 4. Let s(t) = -k(t) - 2*p(t). Suppose 0 = 2*c - 2, -4*c + 4 = 4*j + 12. What is s(j)?
-7
Let t(a) be the third derivative of -a**5/60 + a**4/8 - a**3/3 + 4*a**2. Give t(2).
0
Let q be (-1)/4 + (-390)/(-24). Suppose 5*r + q = r. Let y(u) = -4*u**2 + 22*u + 16. Let f(d) = -d**2 + 7*d + 5. Let i(p) = 7*f(p) - 2*y(p). Give i(r).
-1
Let s = 6 - 5. Let y(f) = -3*f + f + f + s. Calculate y(-3).
4
Let h(m) = -2*m + 1. Let v(n) = n + n + 5*n - n - 3. Let a(q) = -7*h(q) - 2*v(q). Suppose 5*t + 7 = -3*j, j = -4*t - 0*j - 7. Determine a(t).
-5
Let h(x) = -5*x**3 + 9*x**2 - 11*x - 11. Let c(d) = -2*d**3 + 3*d**2 - 4*d - 4. Let z(l) = 8*c(l) - 3*h(l). Give z(-3).
-2
Let x(n) = n + 2. Let t be x(0). Let r(j) = 2*j - 2*j + 5*j. What is r(t)?
10
Let v(c) = -2*c + 6. Suppose -1 = u - 3*o + 4, 2*u = 5*o - 6. Suppose -b - 4*r = -26, b - u = -b + r. What is v(b)?
-6
Let l = 15 + -19. Let x(b) = -b**2 - 6*b - 1. Determine x(l).
7
Let t(p) = p**2 + 6*p - 2. Suppose -4*j = -6*v + 4*v + 24, 3*j = v - 17. Suppose 0*y = v*y + 10. What is t(y)?
-7
Let d(f) be the second derivative of -f**4/12 + 3*f**3/2 - 2*f**2 + 7*f. Determine d(7).
10
Let c(f) = f**3 + 7*f**2 + 3*f - 8. Suppose -7 - 17 = 4*y. Calculate c(y).
10
Let z = -8 + 12. Let k(x) = -2*x + 2. Determine k(z).
-6
Let v(h) = -h**3 + 6*h**2 - 2*h + 1. Let r be -8*((-120)/32 - -1*3). Give v(r).
-11
Let q(a) = -22*a**2. Let z = 138 - 139. What is q(z)?
-22
Let s(t) = t**2 + 8*t + 7. Let j be s(-7). Let w = j - -15. Suppose 4*h = -w - 5. Let a(r) = r**2 + 7*r + 6. What is a(h)?
-4
Let g(i) = i**3 - 4*i**2 - 2*i + 3. Let f = 11 + -8. Suppose 0 = f*m + 3*o - 3, 5*o + 0*o = -15. Give g(m).
-5
Suppose -4*m = -9*m + 2*l + 12, -2*m + 4*l = 8. Let g = -2 - m. Let n(p) = -p**2 - 5*p + 5. What is n(g)?
-1
Suppose 2*a - 1 = a. Let h be 1/a*6/(-2). Let r(q) = -q**2 - 3*q + 3. Let i be r(h). Let b(d) = -d**2 + 4*d - 2. Calculate b(i).
1
Let i(r) = 5*r - 7. Let s be i(4). Let l(o) = -4*o**2 + 2*o + 6*o**2 - o + s*o**2. Calculate l(-1).
14
Let b(s) = s**3 + 3*s**2 + 4*s + 3. Suppose 2*o = 5*t - 31, -3*o - 4*t + 5 = 2*o. What is b(o)?
-9
Let l(v) = -v**3 + v**2 + v + 1. Let x(d) = -4*d**3 - d**2 + 7*d + 9. Let g(c) = -5*l(c) + x(c). Calculate g(5).
-11
Let y(n) = -n**2 - 4*n. Let f(z) = z - 1. Let s(a) = 4*a - 3. Let h(k) = 3*f(k) - s(k). Let x be h(-4). Suppose -9 = -x*j - 25. Give y(j).
0
Let p(g) = 2*g - g - 9*g - 5. Let f(u) = 3*u + 2. Suppose 0*d = d + 4. Let a(j) = d*p(j) - 11*f(j). Calculate a(-4).
2
Suppose 0 = -3*k - 2 - 1. Suppose 2*n - n + 4*g - 14 = 0, 0 = -2*n - 4*g + 16. Let f(u) = n + 0 - 5*u + 1 - 4. Calculate f(k).
4
Let g(q) = 9*q**2 - 3*q - 8. Let k be 3*8/(-36)*6. Let n(s) = -5*s**2 + 2*s + 4. Let z(a) = k*g(a) - 7*n(a). What is z(-4)?
-4
Suppose 2 = 3*s + 8. Let w be (s - 10/(-4))*0. Let b(q) = -q**3 - q**2 - q + 3. Give b(w).
3
Let f(q) = -11 + 2 + 8 - q**2 - 2*q. What is f(-1)?
0
Let z(y) = 7 - 12 - 3*y + 2. Determine z(-4).
9
Let p(u) be the first derivative of -u**4/4 - 4*u**3/3 - 3*u**2/2 + 3*u - 4. Calculate p(-3).
3
Let n(o) = 5*o + 2. Suppose -4*l = -l + 18. Let h be l/(-3) - (-1 - -1). What is n(h)?
12
Let v be (2/(-16))/(1/(-4)). Let j(r) be the first derivative of 2*r + 1 + v*r**2. Calculate j(-5).
-3
Let u(v) = -3*v**2 - 2*v - 3. Suppose -2*z - 2*b = -14, 3*b + 2*b + 5 = 3*z. Suppose -z*a + 5*x - 35 = 0, -3*x + 5 = 3*a - 4. What is u(a)?
-11
Let y(s) be the second derivative of -2*s + 2/3*s**3 - 1/12*s**4 + 0 - 1/2*s**2. Let m be 7/2 - 1/(-2). Calculate y(m).
-1
Let j = 3 + 0. Let z(g) be the first derivative of 5/2*g**2 - 1/3*g**j + 2*g - 2. Determine z(5).
2
Let u be 6/(-27) + 6/27. Let o(c) = c**2 + c - 5. Determine o(u).
-5
Let h(s) = s**3 - 4*s**2 + 8*s - 4. Let i(n) = 3*n**3 - 12*n**2 + 25*n - 11. Let f(m) = 7*h(m) - 2*i(m). Give f(4).
18
Let d(n) = -n**3 - 4*n**2 - 4*n - 1. Let v(c) = -c**3 - 4*c**2 - 3*c. Let q(p) = -2*d(p) + 3*v(p). Let s = -5 + 9. Let a = s + -7. What is q(a)?
-4
Let x(w) be the third derivative of -w**5/60 - w**4/12 + w**3/2 + 4*w**2. Determine x(-5).
-12
Let y(k) be the first derivative of k**4/4 - 2*k**3 + k**2 - 5*k - 13. Calculate y(5).
-20
Let x(s) = -s**2 - s - 2. Let z(k) = -k**2 - 2*k - 3. Let r(y) = 6*x(y) - 5*z(y). Let v = -3 + 8. What is r(v)?
-2
Let f be (-2)/(-9) + 152/(-36). Let x(b) = -5*b**2 - 4*b + 4. Let s(l) = 6*l**2 + 5*l - 3. Let m(k) = f*s(k) - 5*x(k). Give m(0).
-8
Let s(o) = -o - 1. Let r(v) = v**2 + 5*v - 3. Let j be r(-6). Let n(h) = -h. Let a(i) = j*s(i) - 5*n(i). What is a(3)?
3
Let z = 22 - 20. Let h(k) = -15 + 15 + z*k. Determine h(-2).
-4
Suppose 0 = -5*c + 2*l + 91, 0 = l - 5*l + 8. Suppose -5*a = c + 1. Let n(i) = -i**2 - 4*i - 2. What is n(a)?
-2
Let m(h) = -5*h - 4. Let i = -68 - -64. Calculate m(i).
16
Let l(w) = 6 + 3 - 6 + 4 - 3*w. Give l(6).
-11
Let d be -8*((-2)/4)/1. Let q(s) = -s**2. Let k(g) = -3*g**2 + 5*g - 4. Let w(u) = d*q(u) - k(u). Determine w(-4).
8
Let l(q) = q**3 - 4*q**2 - 2. Let i(o) be the first derivative of o**2/2 + 6*o - 1. Let t be i(-3). What is l(t)?
-11
Let t(v) = 2 - v - v**2 + 2*v**2 + 0*v**2. Let n(l) = l**3 - 7*l**2 + 3. Suppose 2*p + 1 - 15 = 0. Let w be n(p). Give t(w).
8
Let v(p) = p**3 - 5*p**2 + 3*p + 1. Let o(f) = -f + 8. Let d be o(4). Let t(n) = n - 1. Let r be t(d). What is v(r)?
-8
Let p(s) be the first derivative of -s**3/3 + 4*s**2 - 7*s - 1. Let j be 0 - ((-9)/1 - -2). Give p(j).
0
Let u be (-144)/(-10) + (-2)/5. Suppose 0 = 5*k - 4 + u. Let p(f) = f**3 + f**2 + 2*f. Calculate p(k).
-8
Let t(p) = -p**2 - 2*p + 2. Let v = -16 + 11. Let b = 2 + v. Give t(b).
-1
Let w(p) = 2*p**2 + 2*p + 1. Let k = -5 - -4. Determine w(k).
1
Let r(l) = -11*l**3 + 17*l - 17. Let a(m) = -4*m**3 + 6*m - 6. Let y(i) = 8*a(i) - 3*r(i). What is y(2)?
5
Let c(t) = 2*t**2 + 16*t - 5. Let d(l) = -l**2 - 8*l + 2. Let h(s) = -3*c(s) - 5*d(s). Calculate h(-9).
-4
Let v(h) be the second derivative of h**5/20 - h**4/4 - h**3/3 + 7*h. Calculate v(3).
-6
Let u = 4 + -3. Suppose h = -u + 5. Let r(j) = h - 3*j**2 + 5*j**2 - 8*j**3 - 5. Calculate r(1).
-7
Let o(j) = 8*j**3 - 23*j**2 + 12*j + 29. Let k(d) = -3*d**3 + 8*d**2 - 4*d - 10. Let v(w) = -11*k(w) - 4*o(w). Let h = 40 + -44. Give v(h).
10
Let a(l) = -3*l + 3. Let y(u) = 8*u**2 + 7*u - 7*u**2 - 1 + 3. Let s be y(-7). Calculate 